y 11423.
42
What is the remainder when 7856 is divided by 35?
16
What is the remainder when 2213 is divided by 250?
213
What is the remainder when 2395 is divided by 34?
15
What is the remainder when 93894 is divided by 22?
20
Calculate the remainder when 12411 is divided by 6192.
27
Calculate the remainder when 138123 is divided by 11.
7
Calculate the remainder when 309597 is divided by 15.
12
Calculate the remainder when 5836 is divided by 733.
705
What is the remainder when 12665 is divided by 6329?
7
Calculate the remainder when 1126512 is divided by 68.
24
What is the remainder when 330107 is divided by 1260?
1247
What is the remainder when 74093 is divided by 37040?
13
What is the remainder when 25364 is divided by 146?
106
Calculate the remainder when 6696 is divided by 100.
96
Calculate the remainder when 30689 is divided by 4331.
372
What is the remainder when 223634 is divided by 59?
24
Calculate the remainder when 1178405 is divided by 387.
377
What is the remainder when 100278 is divided by 20053?
13
What is the remainder when 2865615 is divided by 42?
39
What is the remainder when 141538 is divided by 73?
64
Calculate the remainder when 1118230 is divided by 1116.
1114
Calculate the remainder when 40127 is divided by 176.
175
Calculate the remainder when 2346 is divided by 198.
168
Calculate the remainder when 6591 is divided by 6446.
145
What is the remainder when 5062 is divided by 4938?
124
Calculate the remainder when 139516 is divided by 414.
412
What is the remainder when 1289393 is divided by 644692?
9
Calculate the remainder when 1564 is divided by 1184.
380
Calculate the remainder when 24059 is divided by 350.
259
What is the remainder when 2674 is divided by 4?
2
Calculate the remainder when 133209 is divided by 184.
177
What is the remainder when 94126 is divided by 296?
294
Calculate the remainder when 22425 is divided by 1732.
1641
Calculate the remainder when 2715 is divided by 665.
55
What is the remainder when 119081 is divided by 101?
2
What is the remainder when 193002 is divided by 571?
4
Calculate the remainder when 26114 is divided by 2007.
23
Calculate the remainder when 41455 is divided by 298.
33
Calculate the remainder when 31031 is divided by 2387.
0
What is the remainder when 4954 is divided by 1236?
10
What is the remainder when 108037 is divided by 10802?
17
What is the remainder when 1754 is divided by 15?
14
What is the remainder when 19908 is divided by 1658?
12
What is the remainder when 573 is divided by 549?
24
What is the remainder when 464405 is divided by 154789?
38
Calculate the remainder when 1825171 is divided by 114073.
3
What is the remainder when 9765 is divided by 1632?
1605
What is the remainder when 1391 is divided by 36?
23
Calculate the remainder when 86637 is divided by 818.
747
What is the remainder when 932989 is divided by 158?
157
Calculate the remainder when 55000 is divided by 470.
10
Calculate the remainder when 15091 is divided by 14.
13
What is the remainder when 1301908 is divided by 25?
8
What is the remainder when 49138 is divided by 364?
362
What is the remainder when 13194 is divided by 197?
192
Calculate the remainder when 13379 is divided by 3288.
227
Calculate the remainder when 89958 is divided by 5.
3
What is the remainder when 278268 is divided by 327?
318
What is the remainder when 8794 is divided by 263?
115
What is the remainder when 1088501 is divided by 481?
479
What is the remainder when 13786 is divided by 6833?
120
What is the remainder when 484125 is divided by 16?
13
Calculate the remainder when 134441 is divided by 5.
1
Calculate the remainder when 156957 is divided by 80.
77
What is the remainder when 308325 is divided by 232?
229
Calculate the remainder when 1640581 is divided by 9.
7
Calculate the remainder when 91881 is divided by 124.
121
Calculate the remainder when 303028 is divided by 90.
88
Calculate the remainder when 69349 is divided by 170.
159
What is the remainder when 4472 is divided by 4460?
12
What is the remainder when 7359 is divided by 309?
252
Calculate the remainder when 15916 is divided by 73.
2
Calculate the remainder when 6043 is divided by 65.
63
What is the remainder when 41176 is divided by 264?
256
What is the remainder when 18255 is divided by 24?
15
Calculate the remainder when 68939 is divided by 25.
14
What is the remainder when 68009 is divided by 98?
95
Calculate the remainder when 7582 is divided by 9.
4
Calculate the remainder when 82311 is divided by 128.
7
Calculate the remainder when 34471 is divided by 48.
7
Calculate the remainder when 14271 is divided by 2004.
243
What is the remainder when 54540 is divided by 2272?
12
Calculate the remainder when 5099 is divided by 18.
5
Calculate the remainder when 201598 is divided by 360.
358
What is the remainder when 10691 is divided by 602?
457
What is the remainder when 17628 is divided by 640?
348
Calculate the remainder when 19930 is divided by 711.
22
Calculate the remainder when 160 is divided by 128.
32
Calculate the remainder when 5682 is divided by 270.
12
What is the remainder when 4298 is divided by 4199?
99
Calculate the remainder when 49702 is divided by 189.
184
Calculate the remainder when 18483 is divided by 2682.
2391
Calculate the remainder when 669606 is divided by 290.
286
Calculate the remainder when 87806 is divided by 343.
341
Calculate the remainder when 44042 is divided by 10992.
74
What is the remainder when 161165 is divided by 23?
4
What is the remainder when 89650 is divided by 1042?
38
What is the remainder when 56640 is divided by 1618?
10
What is the remainder when 17134 is divided by 1603?
1104
Calculate the remainder when 46035 is divided by 1023.
0
Calculate the remainder when 14533 is divided by 3614.
77
Calculate the remainder when 22570 is divided by 175.
170
What is the remainder when 2463 is divided by 1102?
259
What is the remainder when 3553 is divided by 10?
3
Calculate the remainder when 58591 is divided by 8368.
15
Calculate the remainder when 1094 is divided by 247.
106
Calculate the remainder when 445803 is divided by 2133.
6
What is the remainder when 28912 is divided by 7223?
20
Calculate the remainder when 235187 is divided by 78392.
11
Calculate the remainder when 178463 is divided by 29.
26
Calculate the remainder when 2866 is divided by 1405.
56
What is the remainder when 3741 is divided by 471?
444
Calculate the remainder when 4289542 is divided by 42.
40
Calculate the remainder when 4691 is divided by 250.
191
What is the remainder when 176027 is divided by 11000?
27
Calculate the remainder when 179183 is divided by 89588.
7
What is the remainder when 19226 is divided by 3?
2
Calculate the remainder when 590 is divided by 198.
194
What is the remainder when 1865 is divided by 184?
25
What is the remainder when 1278 is divided by 705?
573
Calculate the remainder when 37895 is divided by 9.
5
What is the remainder when 155628 is divided by 16?
12
Calculate the remainder when 96424 is divided by 33.
31
Calculate the remainder when 9780 is divided by 645.
105
Calculate the remainder when 728063 is divided by 948.
947
What is the remainder when 4105 is divided by 574?
87
Calculate the remainder when 18614 is divided by 549.
497
What is the remainder when 94107 is divided by 202?
177
Calculate the remainder when 2562981 is divided by 98576.
5
What is the remainder when 25567 is divided by 12770?
27
Calculate the remainder when 25535 is divided by 56.
55
What is the remainder when 4283 is divided by 1408?
59
Calculate the remainder when 36754 is divided by 99.
25
What is the remainder when 1253 is divided by 239?
58
Calculate the remainder when 157295 is divided by 242.
237
Calculate the remainder when 834 is divided by 232.
138
What is the remainder when 75430 is divided by 168?
166
Calculate the remainder when 20927 is divided by 27.
2
What is the remainder when 6041348 is divided by 633?
629
Calculate the remainder when 14508 is divided by 4826.
30
What is the remainder when 813 is divided by 101?
5
Calculate the remainder when 28123 is divided by 5622.
13
Calculate the remainder when 2824 is divided by 596.
440
Calculate the remainder when 98680 is divided by 43.
38
What is the remainder when 21665 is divided by 4